{"id":8,"date":"2020-04-15T19:09:56","date_gmt":"2020-04-15T19:09:56","guid":{"rendered":"https:\/\/houzardc.wordpress.com\/?page_id=8"},"modified":"2020-07-14T22:21:47","modified_gmt":"2020-07-14T20:21:47","slug":"about","status":"publish","type":"page","link":"https:\/\/houzardc.fr\/?page_id=8","title":{"rendered":"A propos&#8230;"},"content":{"rendered":"\n<div style=\"height:20px\" aria-hidden=\"true\" class=\"wp-block-spacer\"><\/div>\n\n\n\n<div class=\"wp-block-group alignfull\"><div class=\"wp-block-group__inner-container is-layout-flow wp-block-group-is-layout-flow\">\n<h2 class=\"wp-block-heading\">&#8230; de ce site<\/h2>\n\n\n\n<p>Ce site est n\u00e9 au coeur de la crise du COVID-19. La situation m&#8217;a tr\u00e8s vite int\u00e9ress\u00e9 mais je n&#8217;arrivais pas \u00e0 trouver sur internet les analyses de donn\u00e9es pour r\u00e9pondre \u00e0 l&#8217;ensemble de mes questions. J&#8217;ai donc \u00e9crit un certain nombre de scripts Python qui permettent d&#8217;avoir les graphs pr\u00e9sents sur ce site. <\/p>\n\n\n\n<p>Je m&#8217;essaie, les lundis, mardis et mercredis \u00e0 quelques modestes analyses. N&#8217;\u00e9tant pas \u00e9pid\u00e9miologiste ou data scientist, j&#8217;en appelle \u00e0 l&#8217;esprit critique du lecteur. De plus, ces analyses ne sont pas <em>peer reviewed<\/em>.<\/p>\n\n\n\n<div class=\"wp-block-columns alignfull are-vertically-aligned-center is-layout-flex wp-container-core-columns-is-layout-9d6595d7 wp-block-columns-is-layout-flex\">\n<div class=\"wp-block-column is-vertically-aligned-center is-layout-flow wp-block-column-is-layout-flow\" style=\"flex-basis:29.3%\">\n<div class=\"wp-block-image is-style-default is-style-circle-mask\"><figure class=\"aligncenter size-large is-resized\"><img loading=\"lazy\" decoding=\"async\" src=\"http:\/\/houzardc.fr\/wp-content\/uploads\/2020\/04\/p1110636-768x1024.jpg\" alt=\"\" class=\"wp-image-86\" width=\"295\" height=\"393\" srcset=\"https:\/\/houzardc.fr\/wp-content\/uploads\/2020\/04\/p1110636-768x1024.jpg 768w, https:\/\/houzardc.fr\/wp-content\/uploads\/2020\/04\/p1110636-225x300.jpg 225w, https:\/\/houzardc.fr\/wp-content\/uploads\/2020\/04\/p1110636-1152x1536.jpg 1152w, https:\/\/houzardc.fr\/wp-content\/uploads\/2020\/04\/p1110636-1536x2048.jpg 1536w, https:\/\/houzardc.fr\/wp-content\/uploads\/2020\/04\/p1110636-scaled.jpg 1920w\" sizes=\"auto, (max-width: 295px) 100vw, 295px\" \/><\/figure><\/div>\n<\/div>\n\n\n\n<div class=\"wp-block-column is-vertically-aligned-center is-layout-flow wp-block-column-is-layout-flow\">\n<h2 class=\"wp-block-heading\">\u2026 de l&#8217;auteur<\/h2>\n\n\n\n<p>Etudiant en derni\u00e8re ann\u00e9e d&#8217;\u00e9cole d&#8217;ing\u00e9nieur \u00e0 l&#8217;UTC en G\u00e9nie des Proc\u00e9d\u00e9s, ces analyses sont assez loin de ma formation. Je me permets cependant de les r\u00e9aliser, esp\u00e9rant qu&#8217;elles puissent aider \u00e0 l&#8217;interpr\u00e9tation des graphs et apporter une vision diff\u00e9rente des donn\u00e9es.<\/p>\n\n\n\n<p><strong>Les analyses que je r\u00e9alise n&#8217;engagent que moi et sont \u00e0 lire avec un sens critique.<\/strong><\/p>\n<\/div>\n<\/div>\n\n\n\n<h2 class=\"wp-block-heading\">Source et code<\/h2>\n\n\n\n<p>Toutes les donn\u00e9es proviennent de <a href=\"https:\/\/github.com\/CSSEGISandData\/COVID-19\">John Hopkins University<\/a> et de <a href=\"https:\/\/www.santepubliquefrance.fr\/maladies-et-traumatismes\/maladies-et-infections-respiratoires\/infection-a-coronavirus\/articles\/infection-au-nouveau-coronavirus-sars-cov-2-covid-19-france-et-monde\">Sant\u00e9 Publique France<\/a> sauf si autrement pr\u00e9cis\u00e9. <\/p>\n\n\n\n<p>Les codes utilis\u00e9s sont tous en licence GLPv3 et disponibles sur <a href=\"https:\/\/github.com\/CleHou\/COVID-19-Data-Analysis-Project\">GitHub<\/a>.<\/p>\n\n\n\n<p><\/p>\n\n\n\n<hr class=\"wp-block-separator is-style-wide\"\/>\n\n\n\n<p>N&#8217;h\u00e9sitez pas \u00e0 me contacter pour toute remarque, suggestion, etc.<\/p>\n\n\n\n<ul class=\"wp-block-social-links aligncenter is-style-pill-shape is-layout-flex wp-block-social-links-is-layout-flex\"><li class=\"wp-social-link wp-social-link-linkedin  wp-block-social-link\"><a href=\"http:\/\/linkedin.com\/in\/clement-houzard\/\" class=\"wp-block-social-link-anchor\"><svg width=\"24\" height=\"24\" viewBox=\"0 0 24 24\" version=\"1.1\" xmlns=\"http:\/\/www.w3.org\/2000\/svg\" aria-hidden=\"true\" focusable=\"false\"><path d=\"M19.7,3H4.3C3.582,3,3,3.582,3,4.3v15.4C3,20.418,3.582,21,4.3,21h15.4c0.718,0,1.3-0.582,1.3-1.3V4.3 C21,3.582,20.418,3,19.7,3z M8.339,18.338H5.667v-8.59h2.672V18.338z M7.004,8.574c-0.857,0-1.549-0.694-1.549-1.548 c0-0.855,0.691-1.548,1.549-1.548c0.854,0,1.547,0.694,1.547,1.548C8.551,7.881,7.858,8.574,7.004,8.574z M18.339,18.338h-2.669 v-4.177c0-0.996-0.017-2.278-1.387-2.278c-1.389,0-1.601,1.086-1.601,2.206v4.249h-2.667v-8.59h2.559v1.174h0.037 c0.356-0.675,1.227-1.387,2.526-1.387c2.703,0,3.203,1.779,3.203,4.092V18.338z\"><\/path><\/svg><span class=\"wp-block-social-link-label screen-reader-text\">LinkedIn<\/span><\/a><\/li>\n\n<li class=\"wp-social-link wp-social-link-mail  wp-block-social-link\"><a href=\"mailto:&#099;&#111;nt&#097;c&#116;&#095;&#099;&#111;&#118;i&#100;1&#057;&#064;h&#111;u&#122;a&#114;d&#099;&#046;fr\" class=\"wp-block-social-link-anchor\"><svg width=\"24\" height=\"24\" viewBox=\"0 0 24 24\" version=\"1.1\" xmlns=\"http:\/\/www.w3.org\/2000\/svg\" aria-hidden=\"true\" focusable=\"false\"><path d=\"M19,5H5c-1.1,0-2,.9-2,2v10c0,1.1.9,2,2,2h14c1.1,0,2-.9,2-2V7c0-1.1-.9-2-2-2zm.5,12c0,.3-.2.5-.5.5H5c-.3,0-.5-.2-.5-.5V9.8l7.5,5.6,7.5-5.6V17zm0-9.1L12,13.6,4.5,7.9V7c0-.3.2-.5.5-.5h14c.3,0,.5.2.5.5v.9z\"><\/path><\/svg><span class=\"wp-block-social-link-label screen-reader-text\">contact_covid19@houzardc.fr<\/span><\/a><\/li><\/ul>\n<\/div><\/div>\n\n\n\n<h3 class=\"wp-block-heading\"><strong>Formulaire de contact<\/strong><\/h3>\n\n\n<div class=\"wp-block-jetpack-contact-form is-layout-flex wp-container-jetpack-contact-form-is-layout-faa3ad1c wp-block-jetpack-contact-form-is-layout-flex\"><a href=\"https:\/\/houzardc.fr\/?page_id=8\" target=\"_blank\" rel=\"noopener noreferrer\">Submit a form.<\/a><\/div>\n\n\n<p><\/p>\n","protected":false},"excerpt":{"rendered":"<p>&#8230; de ce site Ce site est n\u00e9 au coeur de la crise du COVID-19. La situation m&#8217;a tr\u00e8s vite int\u00e9ress\u00e9 mais je n&#8217;arrivais pas \u00e0 trouver sur internet les analyses de donn\u00e9es pour r\u00e9pondre \u00e0 l&#8217;ensemble de mes questions. J&#8217;ai donc \u00e9crit un certain nombre de scripts Python qui permettent d&#8217;avoir les graphs pr\u00e9sents<a class=\"more-link\" href=\"https:\/\/houzardc.fr\/?page_id=8\">Continue reading <span class=\"screen-reader-text\">&#8220;A propos&#8230;&#8221;<\/span><\/a><\/p>\n","protected":false},"author":1,"featured_media":86,"parent":0,"menu_order":0,"comment_status":"closed","ping_status":"closed","template":"","meta":{"_lmt_disableupdate":"no","_lmt_disable":"","footnotes":""},"class_list":["post-8","page","type-page","status-publish","has-post-thumbnail","hentry","entry"],"jetpack_sharing_enabled":false,"post_mailing_queue_ids":[],"_links":{"self":[{"href":"https:\/\/houzardc.fr\/index.php?rest_route=\/wp\/v2\/pages\/8","targetHints":{"allow":["GET"]}}],"collection":[{"href":"https:\/\/houzardc.fr\/index.php?rest_route=\/wp\/v2\/pages"}],"about":[{"href":"https:\/\/houzardc.fr\/index.php?rest_route=\/wp\/v2\/types\/page"}],"author":[{"embeddable":true,"href":"https:\/\/houzardc.fr\/index.php?rest_route=\/wp\/v2\/users\/1"}],"replies":[{"embeddable":true,"href":"https:\/\/houzardc.fr\/index.php?rest_route=%2Fwp%2Fv2%2Fcomments&post=8"}],"version-history":[{"count":5,"href":"https:\/\/houzardc.fr\/index.php?rest_route=\/wp\/v2\/pages\/8\/revisions"}],"predecessor-version":[{"id":1480,"href":"https:\/\/houzardc.fr\/index.php?rest_route=\/wp\/v2\/pages\/8\/revisions\/1480"}],"wp:featuredmedia":[{"embeddable":true,"href":"https:\/\/houzardc.fr\/index.php?rest_route=\/wp\/v2\/media\/86"}],"wp:attachment":[{"href":"https:\/\/houzardc.fr\/index.php?rest_route=%2Fwp%2Fv2%2Fmedia&parent=8"}],"curies":[{"name":"wp","href":"https:\/\/api.w.org\/{rel}","templated":true}]}}