{"id":1465,"date":"2020-07-13T13:32:49","date_gmt":"2020-07-13T11:32:49","guid":{"rendered":"https:\/\/houzardc.fr\/?page_id=1465"},"modified":"2021-03-01T11:38:38","modified_gmt":"2021-03-01T10:38:38","slug":"us-tests-virologiques","status":"publish","type":"page","link":"https:\/\/houzardc.fr\/?page_id=1465","title":{"rendered":"[US] Tests virologiques"},"content":{"rendered":"\n<p>Afin d&#8217;\u00e9valuer si le nombre de tests r\u00e9alis\u00e9s est suffisant, il est interessant de regarder le taux de positivit\u00e9 des tests. Ce taux est le rapport du nombre de tests positifs sur le nombre de tests r\u00e9alis\u00e9s. L&#8217;OMS consid\u00e8re qu&#8217;un pays peut r\u00e9ouvrir lorsque ce taux est inf\u00e9rieur \u00e0 5% pendant 2 semaines.<\/p>\n\n\n\n<figure class=\"wp-block-image size-large is-resized\"><a href=\"https:\/\/houzardc.fr\/wp-content\/uploads\/Graphs\/US_Testing.pdf\" target=\"_blank\" rel=\"noopener noreferrer\"><img loading=\"lazy\" decoding=\"async\" src=\"https:\/\/houzardc.fr\/wp-content\/uploads\/Graphs\/US_Testing_preview.png\" alt=\"\" width=\"780\" height=\"392\"\/><\/a><\/figure>\n","protected":false},"excerpt":{"rendered":"<p>Afin d&#8217;\u00e9valuer si le nombre de tests r\u00e9alis\u00e9s est suffisant, il est interessant de regarder le taux de positivit\u00e9 des tests. Ce taux est le rapport du nombre de tests positifs sur le nombre de tests r\u00e9alis\u00e9s. L&#8217;OMS consid\u00e8re qu&#8217;un pays peut r\u00e9ouvrir lorsque ce taux est inf\u00e9rieur \u00e0 5% pendant 2 semaines.<\/p>\n","protected":false},"author":1,"featured_media":0,"parent":1358,"menu_order":0,"comment_status":"closed","ping_status":"closed","template":"","meta":{"_lmt_disableupdate":"no","_lmt_disable":"","footnotes":""},"class_list":["post-1465","page","type-page","status-publish","hentry","entry"],"jetpack_sharing_enabled":true,"post_mailing_queue_ids":[],"_links":{"self":[{"href":"https:\/\/houzardc.fr\/index.php?rest_route=\/wp\/v2\/pages\/1465","targetHints":{"allow":["GET"]}}],"collection":[{"href":"https:\/\/houzardc.fr\/index.php?rest_route=\/wp\/v2\/pages"}],"about":[{"href":"https:\/\/houzardc.fr\/index.php?rest_route=\/wp\/v2\/types\/page"}],"author":[{"embeddable":true,"href":"https:\/\/houzardc.fr\/index.php?rest_route=\/wp\/v2\/users\/1"}],"replies":[{"embeddable":true,"href":"https:\/\/houzardc.fr\/index.php?rest_route=%2Fwp%2Fv2%2Fcomments&post=1465"}],"version-history":[{"count":3,"href":"https:\/\/houzardc.fr\/index.php?rest_route=\/wp\/v2\/pages\/1465\/revisions"}],"predecessor-version":[{"id":1613,"href":"https:\/\/houzardc.fr\/index.php?rest_route=\/wp\/v2\/pages\/1465\/revisions\/1613"}],"up":[{"embeddable":true,"href":"https:\/\/houzardc.fr\/index.php?rest_route=\/wp\/v2\/pages\/1358"}],"wp:attachment":[{"href":"https:\/\/houzardc.fr\/index.php?rest_route=%2Fwp%2Fv2%2Fmedia&parent=1465"}],"curies":[{"name":"wp","href":"https:\/\/api.w.org\/{rel}","templated":true}]}}