{"id":1365,"date":"2020-06-13T21:27:38","date_gmt":"2020-06-13T19:27:38","guid":{"rendered":"https:\/\/houzardc.fr\/?page_id=1365"},"modified":"2020-11-22T17:46:37","modified_gmt":"2020-11-22T16:46:37","slug":"us-cartes","status":"publish","type":"page","link":"https:\/\/houzardc.fr\/?page_id=1365","title":{"rendered":"[US] Cartes"},"content":{"rendered":"\n<p>Je propose 3 cartes, semblable \u00e0 ce qui existe \u00e0 l&#8217;\u00e9chelle mondial.<\/p>\n\n\n\n<ul class=\"wp-block-list\"><li>Nombre de cas pour 1000 habitants<\/li><li>Nombre de d\u00e9c\u00e8s pour 1000 habitants<\/li><li>Evolution du nombre de cas<\/li><\/ul>\n\n\n\n<p><em>En passant la souris au dessus des \u00e9tats, des informations compl\u00e9mentaires s&#8217;affichent.<\/em><\/p>\n\n\n\n<h2 class=\"wp-block-heading\">Nombre de cas et d\u00e9c\u00e8s relatif<\/h2>\n\n\n\n<div class=\"wp-block-columns alignfull is-layout-flex wp-container-core-columns-is-layout-9d6595d7 wp-block-columns-is-layout-flex\">\n<div class=\"wp-block-column is-layout-flow wp-block-column-is-layout-flow\">\n<figure class=\"wp-block-image size-large\"><a href=\"https:\/\/houzardc.fr\/wp-content\/uploads\/Graphs\/Map_Relative_Cases-Death_US.html\" target=\"_blank\" rel=\"noopener noreferrer\"><img decoding=\"async\" src=\"https:\/\/houzardc.fr\/wp-content\/uploads\/Graphs\/Map_Relative_Cases_US.png\" alt=\"\"\/><\/a><\/figure>\n<\/div>\n\n\n\n<div class=\"wp-block-column is-layout-flow wp-block-column-is-layout-flow\">\n<figure class=\"wp-block-image size-large\"><a href=\"https:\/\/houzardc.fr\/wp-content\/uploads\/Graphs\/Map_Relative_Cases-Death_US.html\" target=\"_blank\" rel=\"noopener noreferrer\"><img decoding=\"async\" src=\"https:\/\/houzardc.fr\/wp-content\/uploads\/Graphs\/Map_Relative_Death_US.png\" alt=\"\"\/><\/a><\/figure>\n<\/div>\n<\/div>\n\n\n\n<h2 class=\"wp-block-heading\">Evolution du nombre de cas<\/h2>\n\n\n\n<p>Cette carte repr\u00e9sente donc l&#8217;\u00e9volution en pourcentage du nombre de cas journalier par rapport \u00e0 la semaine d&#8217;avant. On compare donc la valeur du nombre de cas journalier au jour <img loading=\"lazy\" decoding=\"async\" src=\"https:\/\/houzardc.fr\/wp-content\/ql-cache\/quicklatex.com-b09880662630fc49b25d42badb906d51_l3.png\" class=\"ql-img-inline-formula quicklatex-auto-format\" alt=\"&#106;\" title=\"Rendered by QuickLaTeX.com\" height=\"16\" width=\"9\" style=\"vertical-align: -4px;\"\/> \u00e0 celle au jour <img loading=\"lazy\" decoding=\"async\" src=\"https:\/\/houzardc.fr\/wp-content\/ql-cache\/quicklatex.com-499f6493b7e1d327eaceea4dbcf0ea7a_l3.png\" class=\"ql-img-inline-formula quicklatex-auto-format\" alt=\"&#106;&#45;&#55;\" title=\"Rendered by QuickLaTeX.com\" height=\"17\" width=\"40\" style=\"vertical-align: -4px;\"\/>. Cela permet de detecter si le pic \u00e9pid\u00e9mique est pass\u00e9 ou si une 2 vague se profile.<\/p>\n\n\n\n<figure class=\"wp-block-image size-large\"><a href=\"https:\/\/houzardc.fr\/wp-content\/uploads\/Graphs\/MapBalance_US.html\" target=\"_blank\" rel=\"noopener noreferrer\"><img decoding=\"async\" src=\"https:\/\/houzardc.fr\/wp-content\/uploads\/Graphs\/MapBalance_US.png\" alt=\"\"\/><\/a><\/figure>\n","protected":false},"excerpt":{"rendered":"<p>Je propose 3 cartes, semblable \u00e0 ce qui existe \u00e0 l&#8217;\u00e9chelle mondial. Nombre de cas pour 1000 habitants Nombre de d\u00e9c\u00e8s pour 1000 habitants Evolution du nombre de cas En passant la souris au dessus des \u00e9tats, des informations compl\u00e9mentaires s&#8217;affichent. Nombre de cas et d\u00e9c\u00e8s relatif Evolution du nombre de cas Cette carte repr\u00e9sente<a class=\"more-link\" href=\"https:\/\/houzardc.fr\/?page_id=1365\">Continue reading <span class=\"screen-reader-text\">&#8220;[US] Cartes&#8221;<\/span><\/a><\/p>\n","protected":false},"author":1,"featured_media":0,"parent":1358,"menu_order":0,"comment_status":"closed","ping_status":"closed","template":"","meta":{"_lmt_disableupdate":"no","_lmt_disable":"","footnotes":""},"class_list":["post-1365","page","type-page","status-publish","hentry","entry"],"jetpack_sharing_enabled":true,"post_mailing_queue_ids":[],"_links":{"self":[{"href":"https:\/\/houzardc.fr\/index.php?rest_route=\/wp\/v2\/pages\/1365","targetHints":{"allow":["GET"]}}],"collection":[{"href":"https:\/\/houzardc.fr\/index.php?rest_route=\/wp\/v2\/pages"}],"about":[{"href":"https:\/\/houzardc.fr\/index.php?rest_route=\/wp\/v2\/types\/page"}],"author":[{"embeddable":true,"href":"https:\/\/houzardc.fr\/index.php?rest_route=\/wp\/v2\/users\/1"}],"replies":[{"embeddable":true,"href":"https:\/\/houzardc.fr\/index.php?rest_route=%2Fwp%2Fv2%2Fcomments&post=1365"}],"version-history":[{"count":7,"href":"https:\/\/houzardc.fr\/index.php?rest_route=\/wp\/v2\/pages\/1365\/revisions"}],"predecessor-version":[{"id":1523,"href":"https:\/\/houzardc.fr\/index.php?rest_route=\/wp\/v2\/pages\/1365\/revisions\/1523"}],"up":[{"embeddable":true,"href":"https:\/\/houzardc.fr\/index.php?rest_route=\/wp\/v2\/pages\/1358"}],"wp:attachment":[{"href":"https:\/\/houzardc.fr\/index.php?rest_route=%2Fwp%2Fv2%2Fmedia&parent=1365"}],"curies":[{"name":"wp","href":"https:\/\/api.w.org\/{rel}","templated":true}]}}