{"id":1218,"date":"2020-06-01T15:49:44","date_gmt":"2020-06-01T13:49:44","guid":{"rendered":"https:\/\/houzardc.fr\/?page_id=1218"},"modified":"2020-11-22T17:54:20","modified_gmt":"2020-11-22T16:54:20","slug":"france-carte","status":"publish","type":"page","link":"https:\/\/houzardc.fr\/?page_id=1218","title":{"rendered":"[France] Cartes"},"content":{"rendered":"\n<p>Deux cartes similaire \u00e0 ce qui existe pour les <a href=\"https:\/\/houzardc.fr\/?page_id=1365\">Etas-Unis<\/a> ou le <a href=\"https:\/\/houzardc.fr\/?page_id=1212\">monde<\/a> sont publi\u00e9es quotidiennement. Nous avons, \u00e0 l&#8217;\u00e9chelle r\u00e9gionale:<\/p>\n\n\n\n<ul class=\"wp-block-list\"><li>Nombre de d\u00e9c\u00e8s pour 1000 habitants<\/li><li>Evolution du nombre de cas<\/li><\/ul>\n\n\n\n<p><em>En passant la souris au dessus des r\u00e9gions, des informations compl\u00e9mentaires s\u2019affichent.<\/em><\/p>\n\n\n\n<h2 class=\"wp-block-heading\">Nombre de cas et d\u00e9c\u00e8s relatif<\/h2>\n\n\n\n<p>Cette carte repr\u00e9sente donc le nombre de d\u00e9c\u00e8s \u00e0 l&#8217;h\u00f4pital pour 1000 habitants.<\/p>\n\n\n\n<figure class=\"wp-block-image size-large\"><a href=\"https:\/\/houzardc.fr\/wp-content\/uploads\/Graphs\/Map_Relative_Cases-Death_Fra.html\" target=\"_blank\" rel=\"noopener noreferrer\"><img decoding=\"async\" src=\"https:\/\/houzardc.fr\/wp-content\/uploads\/Graphs\/Map_Relative_Death_Fra.png\" alt=\"\"\/><\/a><figcaption>Nombre de d\u00e9c\u00e8s pour 1000 habitants<\/figcaption><\/figure>\n\n\n\n<h2 class=\"wp-block-heading\">Evolution du nombre de cas<\/h2>\n\n\n\n<p>Cette carte repr\u00e9sente donc l\u2019\u00e9volution en pourcentage du nombre de d\u00e9c\u00e8s journalier par rapport \u00e0 la semaine d\u2019avant. On compare donc la valeur du nombre de cas journalier au jour&nbsp;<img loading=\"lazy\" decoding=\"async\" height=\"16\" width=\"9\" src=\"https:\/\/houzardc.fr\/wp-content\/ql-cache\/quicklatex.com-b09880662630fc49b25d42badb906d51_l3.svg\" alt=\"j\">&nbsp;\u00e0 celle au jour&nbsp;<img loading=\"lazy\" decoding=\"async\" height=\"17\" width=\"40\" src=\"https:\/\/houzardc.fr\/wp-content\/ql-cache\/quicklatex.com-499f6493b7e1d327eaceea4dbcf0ea7a_l3.svg\" alt=\"j-7\">. Cela permet de detecter si le pic \u00e9pid\u00e9mique est pass\u00e9 ou si une 2 vague se profile.<\/p>\n\n\n\n<figure class=\"wp-block-image size-large\"><a href=\"https:\/\/houzardc.fr\/wp-content\/uploads\/Graphs\/MapBalance_Fra.html\" target=\"_blank\" rel=\"noopener noreferrer\"><img decoding=\"async\" src=\"https:\/\/houzardc.fr\/wp-content\/uploads\/Graphs\/MapBalance_Fra.png\" alt=\"\"\/><\/a><figcaption>Pourcentage de croissance du nombre de d\u00e9c\u00e8s compar\u00e9 \u00e0 la semaine pr\u00e9c\u00e9dente<\/figcaption><\/figure>\n\n\n\n<p><\/p>\n","protected":false},"excerpt":{"rendered":"<p>Deux cartes similaire \u00e0 ce qui existe pour les Etas-Unis ou le monde sont publi\u00e9es quotidiennement. Nous avons, \u00e0 l&#8217;\u00e9chelle r\u00e9gionale: Nombre de d\u00e9c\u00e8s pour 1000 habitants Evolution du nombre de cas En passant la souris au dessus des r\u00e9gions, des informations compl\u00e9mentaires s\u2019affichent. Nombre de cas et d\u00e9c\u00e8s relatif Cette carte repr\u00e9sente donc le<a class=\"more-link\" href=\"https:\/\/houzardc.fr\/?page_id=1218\">Continue reading <span class=\"screen-reader-text\">&#8220;[France] Cartes&#8221;<\/span><\/a><\/p>\n","protected":false},"author":1,"featured_media":0,"parent":1211,"menu_order":0,"comment_status":"closed","ping_status":"closed","template":"","meta":{"_lmt_disableupdate":"no","_lmt_disable":"","footnotes":""},"class_list":["post-1218","page","type-page","status-publish","hentry","entry"],"jetpack_sharing_enabled":true,"post_mailing_queue_ids":[],"_links":{"self":[{"href":"https:\/\/houzardc.fr\/index.php?rest_route=\/wp\/v2\/pages\/1218","targetHints":{"allow":["GET"]}}],"collection":[{"href":"https:\/\/houzardc.fr\/index.php?rest_route=\/wp\/v2\/pages"}],"about":[{"href":"https:\/\/houzardc.fr\/index.php?rest_route=\/wp\/v2\/types\/page"}],"author":[{"embeddable":true,"href":"https:\/\/houzardc.fr\/index.php?rest_route=\/wp\/v2\/users\/1"}],"replies":[{"embeddable":true,"href":"https:\/\/houzardc.fr\/index.php?rest_route=%2Fwp%2Fv2%2Fcomments&post=1218"}],"version-history":[{"count":5,"href":"https:\/\/houzardc.fr\/index.php?rest_route=\/wp\/v2\/pages\/1218\/revisions"}],"predecessor-version":[{"id":1530,"href":"https:\/\/houzardc.fr\/index.php?rest_route=\/wp\/v2\/pages\/1218\/revisions\/1530"}],"up":[{"embeddable":true,"href":"https:\/\/houzardc.fr\/index.php?rest_route=\/wp\/v2\/pages\/1211"}],"wp:attachment":[{"href":"https:\/\/houzardc.fr\/index.php?rest_route=%2Fwp%2Fv2%2Fmedia&parent=1218"}],"curies":[{"name":"wp","href":"https:\/\/api.w.org\/{rel}","templated":true}]}}